{"id":8,"date":"2024-05-01T19:18:11","date_gmt":"2024-05-01T19:18:11","guid":{"rendered":"https:\/\/jotconsult.fi\/?page_id=8"},"modified":"2025-01-19T15:56:16","modified_gmt":"2025-01-19T15:56:16","slug":"etusivu","status":"publish","type":"page","link":"https:\/\/jotconsult.fi\/","title":{"rendered":"JOT Consult Oy"},"content":{"rendered":"\n<div class=\"wp-block-cover alignfull\" style=\"min-height:310px;aspect-ratio:unset;\"><span aria-hidden=\"true\" class=\"wp-block-cover__background has-background-dim-0 has-background-dim\" style=\"background-color:#2c4d36\"><\/span><img loading=\"lazy\" decoding=\"async\" width=\"1920\" height=\"1080\" class=\"wp-block-cover__image-background wp-image-54\" alt=\"\" src=\"https:\/\/jotconsult.fi\/wp-content\/uploads\/2024\/05\/matrix-screen.jpg\" data-object-fit=\"cover\" srcset=\"https:\/\/jotconsult.fi\/wp-content\/uploads\/2024\/05\/matrix-screen.jpg 1920w, https:\/\/jotconsult.fi\/wp-content\/uploads\/2024\/05\/matrix-screen-300x169.jpg 300w, https:\/\/jotconsult.fi\/wp-content\/uploads\/2024\/05\/matrix-screen-1024x576.jpg 1024w, https:\/\/jotconsult.fi\/wp-content\/uploads\/2024\/05\/matrix-screen-768x432.jpg 768w, https:\/\/jotconsult.fi\/wp-content\/uploads\/2024\/05\/matrix-screen-1536x864.jpg 1536w\" sizes=\"auto, (max-width: 1920px) 100vw, 1920px\" \/><div class=\"wp-block-cover__inner-container is-layout-flow wp-block-cover-is-layout-flow\">\n<h1 class=\"wp-block-heading has-text-align-center has-text-color\" style=\"color:ffffff\">Tietohallinnan ty\u00f6kaluja nopeuttamaan arjen rutiineja<\/h1>\n\n\n\n<h2 class=\"wp-block-heading has-text-align-center has-text-color\" style=\"color:#ffffff;font-size:22px\">Autan asiakkaitani arjen datan hallinnassa, muuntamisessa ja johdonmukaisessa k\u00e4ytt\u00e4misess\u00e4. <\/h2>\n\n\n\n<h2 class=\"wp-block-heading has-text-align-center has-text-color\" style=\"color:#ffffff;font-size:22px\">Ty\u00f6kaluina monille tutut Microsoft Access ja Excel<\/h2>\n\n\n\n<p><\/p>\n<\/div><\/div>\n\n\n\n<div class=\"wp-block-columns is-layout-flex wp-container-core-columns-is-layout-9d6595d7 wp-block-columns-is-layout-flex\">\n<div class=\"wp-block-column is-layout-flow wp-block-column-is-layout-flow\"><div class=\"wp-block-image is-resized icon-style is-style-default\">\n<figure class=\"aligncenter\"><img decoding=\"async\" src=\"https:\/\/jotconsult.fi\/wp-content\/themes\/neve\/assets\/img\/starter-content\/icon-03.svg\" alt=\"\"\/><\/figure>\n<\/div>\n\n\n<div style=\"height:20px\" aria-hidden=\"true\" class=\"wp-block-spacer\"><\/div>\n\n\n\n<h3 class=\"wp-block-heading has-text-align-center has-neve-text-color-color has-text-color\">Kiinte\u00e4 hintaiset projektit<\/h3>\n\n\n\n<p>M\u00e4\u00e4ritell\u00e4\u00e4n yhdess\u00e4 tarpeet ja mit\u00e4 ty\u00f6kaluja niihin on j\u00e4rkev\u00e4\u00e4 ottaa k\u00e4ytt\u00f6\u00f6n. Yksi hinta, 100% takuulla.<\/p>\n<\/div>\n\n\n\n<div class=\"wp-block-column is-layout-flow wp-block-column-is-layout-flow\"><div class=\"wp-block-image is-resized icon-style is-style-default\">\n<figure class=\"aligncenter\"><img decoding=\"async\" src=\"https:\/\/jotconsult.fi\/wp-content\/themes\/neve\/assets\/img\/starter-content\/icon-02.svg\" alt=\"\"\/><\/figure>\n<\/div>\n\n\n<div style=\"height:20px\" aria-hidden=\"true\" class=\"wp-block-spacer\"><\/div>\n\n\n\n<h3 class=\"wp-block-heading has-text-align-center has-neve-text-color-color has-text-color\">Tehd\u00e4\u00e4n mit\u00e4 sovitaan<\/h3>\n\n\n\n<p class=\"has-text-align-center\">Olen ostanut ICT palveluita 20 vuotta ja tied\u00e4n kuinka t\u00e4rke\u00e4\u00e4 on saada sit\u00e4 mist\u00e4 sovittu.<\/p>\n\n\n\n<div style=\"height:20px\" aria-hidden=\"true\" class=\"wp-block-spacer\"><\/div>\n<\/div>\n\n\n\n<div class=\"wp-block-column is-layout-flow wp-block-column-is-layout-flow\"><div class=\"wp-block-image is-resized icon-style is-style-rounded\">\n<figure class=\"aligncenter\"><img decoding=\"async\" src=\"https:\/\/jotconsult.fi\/wp-content\/themes\/neve\/assets\/img\/starter-content\/icon-01.svg\" alt=\"\"\/><\/figure>\n<\/div>\n\n\n<div style=\"height:20px\" aria-hidden=\"true\" class=\"wp-block-spacer\"><\/div>\n\n\n\n<h3 class=\"wp-block-heading has-text-align-center has-neve-text-color-color has-text-color\">Nopea     k\u00e4ytt\u00f6\u00f6notto <\/h3>\n\n\n\n<p class=\"has-text-align-center\">Ty\u00f6kaluja on paljon valmiina, ja niiden r\u00e4\u00e4t\u00e4l\u00f6inti on nopeaa. Et maksa olemassa olevan uudelleen kehitt\u00e4misest\u00e4.<\/p>\n\n\n\n<div style=\"height:20px\" aria-hidden=\"true\" class=\"wp-block-spacer\"><\/div>\n<\/div>\n<\/div>\n\n\n\n<div class=\"wp-block-cover alignfull is-light\" style=\"min-height:600px;aspect-ratio:unset;\"><span aria-hidden=\"true\" class=\"wp-block-cover__background has-nv-light-bg-background-color has-background-dim-100 has-background-dim\"><\/span><div class=\"wp-block-cover__inner-container is-layout-flow wp-block-cover-is-layout-flow\">\n<div class=\"wp-block-group\"><div class=\"wp-block-group__inner-container is-layout-flow wp-block-group-is-layout-flow\">\n<div class=\"wp-block-columns are-vertically-aligned-center is-layout-flex wp-container-core-columns-is-layout-9d6595d7 wp-block-columns-is-layout-flex\">\n<div class=\"wp-block-column is-vertically-aligned-center is-layout-flow wp-block-column-is-layout-flow\" style=\"flex-basis:50%\">\n<figure class=\"wp-block-image size-full\"><img loading=\"lazy\" decoding=\"async\" width=\"913\" height=\"911\" src=\"https:\/\/jotconsult.fi\/wp-content\/uploads\/2024\/05\/access-kuva.jpg\" alt=\"\" class=\"wp-image-44\" srcset=\"https:\/\/jotconsult.fi\/wp-content\/uploads\/2024\/05\/access-kuva.jpg 913w, https:\/\/jotconsult.fi\/wp-content\/uploads\/2024\/05\/access-kuva-300x300.jpg 300w, https:\/\/jotconsult.fi\/wp-content\/uploads\/2024\/05\/access-kuva-150x150.jpg 150w, https:\/\/jotconsult.fi\/wp-content\/uploads\/2024\/05\/access-kuva-768x766.jpg 768w\" sizes=\"auto, (max-width: 913px) 100vw, 913px\" \/><\/figure>\n<\/div>\n\n\n\n<div class=\"wp-block-column is-vertically-aligned-center is-layout-flow wp-block-column-is-layout-flow\" style=\"flex-basis:50%\">\n<div style=\"height:20px\" aria-hidden=\"true\" class=\"wp-block-spacer\"><\/div>\n\n\n\n<h2 class=\"wp-block-heading has-text-align-left has-neve-text-color-color has-text-color\">Access ty\u00f6kalujen edut<\/h2>\n\n\n\n<p class=\"has-text-align-left has-neve-text-color-color has-text-color\" style=\"font-size:17px\">Microsoft Access on tietokantaty\u00f6kalu joka soveltuu tiedon hallintaan, tallettamiseen, muokkaamiseen, luomiseen, julkaisuun sek\u00e4 monipuoliseen automatisointiin. VBA koodilla ja makroilla voidaan koodata vaikeitakin prosesseja k\u00e4ytt\u00e4j\u00e4n avuksi.<\/p>\n<\/div>\n<\/div>\n\n\n\n<div style=\"height:40px\" aria-hidden=\"true\" class=\"wp-block-spacer\"><\/div>\n<\/div><\/div>\n<\/div><\/div>\n\n\n\n<div class=\"wp-block-cover alignfull is-light\" style=\"min-height:600px;aspect-ratio:unset;\"><span aria-hidden=\"true\" class=\"wp-block-cover__background has-nv-site-bg-background-color has-background-dim-100 has-background-dim\"><\/span><div class=\"wp-block-cover__inner-container is-layout-flow wp-block-cover-is-layout-flow\">\n<div class=\"wp-block-group\"><div class=\"wp-block-group__inner-container is-layout-flow wp-block-group-is-layout-flow\">\n<div style=\"height:0px\" aria-hidden=\"true\" class=\"wp-block-spacer\"><\/div>\n\n\n\n<div class=\"wp-block-columns are-vertically-aligned-center is-layout-flex wp-container-core-columns-is-layout-9d6595d7 wp-block-columns-is-layout-flex\">\n<div class=\"wp-block-column is-vertically-aligned-center is-layout-flow wp-block-column-is-layout-flow\" style=\"flex-basis:50%\">\n<h2 class=\"wp-block-heading has-text-align-left has-neve-text-color-color has-text-color\">Excel<\/h2>\n\n\n\n<p class=\"has-text-align-left has-neve-text-color-color has-text-color\" style=\"font-size:17px\">Microsoft Excel on monilla arkik\u00e4yt\u00f6ss\u00e4 ja siksi hyv\u00e4 alusta syvemm\u00e4lle osaamiselle. Excel soveltuu hyvin isonkin tietom\u00e4\u00e4r\u00e4n analysointiin, laskemiseen ja esitt\u00e4miseen. Toimii saumattomasti yhdess\u00e4 Access tietokantaty\u00f6kalun kanssa.<\/p>\n\n\n\n<div style=\"height:0px\" aria-hidden=\"true\" class=\"wp-block-spacer\"><\/div>\n<\/div>\n\n\n\n<div class=\"wp-block-column is-vertically-aligned-center is-layout-flow wp-block-column-is-layout-flow\" style=\"flex-basis:50%\">\n<figure class=\"wp-block-image size-full\"><img loading=\"lazy\" decoding=\"async\" width=\"1008\" height=\"1006\" src=\"https:\/\/jotconsult.fi\/wp-content\/uploads\/2024\/05\/Excel-kuva.jpg\" alt=\"\" class=\"wp-image-43\" srcset=\"https:\/\/jotconsult.fi\/wp-content\/uploads\/2024\/05\/Excel-kuva.jpg 1008w, https:\/\/jotconsult.fi\/wp-content\/uploads\/2024\/05\/Excel-kuva-300x300.jpg 300w, https:\/\/jotconsult.fi\/wp-content\/uploads\/2024\/05\/Excel-kuva-150x150.jpg 150w, https:\/\/jotconsult.fi\/wp-content\/uploads\/2024\/05\/Excel-kuva-768x766.jpg 768w\" sizes=\"auto, (max-width: 1008px) 100vw, 1008px\" \/><\/figure>\n<\/div>\n<\/div>\n\n\n\n<div style=\"height:40px\" aria-hidden=\"true\" class=\"wp-block-spacer\"><\/div>\n<\/div><\/div>\n<\/div><\/div>\n\n\n\n<div class=\"wp-block-cover alignfull is-light\" style=\"min-height:600px;aspect-ratio:unset;\"><span aria-hidden=\"true\" class=\"wp-block-cover__background has-nv-dark-bg-background-color has-background-dim-100 has-background-dim\"><\/span><div class=\"wp-block-cover__inner-container is-layout-flow wp-block-cover-is-layout-flow\">\n<div class=\"wp-block-group\"><div class=\"wp-block-group__inner-container is-layout-flow wp-block-group-is-layout-flow\">\n<div class=\"wp-block-columns are-vertically-aligned-center is-layout-flex wp-container-core-columns-is-layout-9d6595d7 wp-block-columns-is-layout-flex\">\n<div class=\"wp-block-column is-vertically-aligned-center is-layout-flow wp-block-column-is-layout-flow\" style=\"flex-basis:50%\">\n<h2 class=\"wp-block-heading has-text-align-left has-nv-text-dark-bg-color has-text-color\">Taustani<\/h2>\n\n\n\n<p class=\"has-text-align-left has-nv-text-dark-bg-color has-text-color\" style=\"font-size:17px\">Olen toiminut 20 vuotta teollisuusyrityksen tietohallinnan parissa ostaen ohjelmistoja ja kehitt\u00e4en ty\u00f6kaluja arjen haasteisiin. Kalliiden ohjelmistojen sijaan Officen ty\u00f6kaluilla olen luonut p\u00e4ivitt\u00e4isiin rutiineihin nopeutta, l\u00e4pin\u00e4kyvyytt\u00e4 ja kustannuss\u00e4\u00e4st\u00f6\u00e4. Yrityksen tarpeet ovat monesti hyvin r\u00e4\u00e4t\u00e4l\u00f6ityj\u00e4 ja se tekee ohjelmistojen jatkuvasta p\u00e4ivitt\u00e4misest\u00e4 ikuisen projektin. Asiakkaiden tarpeiden muuttuessa on my\u00f6s ty\u00f6kalujen kehitytt\u00e4v\u00e4 mukana. N\u00e4m\u00e4 tarpeet ovat usein luonteelta hyvinkin kertaluonteisia. N\u00e4iden haasteiden arjen ratkaisut ovat saaneet minut innostumaan opiskelemaan taidot luoda itse ty\u00f6kaluja.<\/p>\n\n\n\n<p>N\u00e4<\/p>\n<\/div>\n\n\n\n<div class=\"wp-block-column is-vertically-aligned-center is-layout-flow wp-block-column-is-layout-flow\" style=\"flex-basis:50%\">\n<p><\/p>\n<\/div>\n\n\n\n<div class=\"wp-block-column is-vertically-aligned-center is-layout-flow wp-block-column-is-layout-flow\" style=\"flex-basis:50%\">\n<div style=\"height:40px\" aria-hidden=\"true\" class=\"wp-block-spacer\"><\/div>\n\n\n\n<h2 class=\"wp-block-heading has-text-align-left has-nv-text-dark-bg-color has-text-color\">Arvoni<\/h2>\n\n\n\n<p class=\"has-text-align-left has-nv-text-dark-bg-color has-text-color\" style=\"font-size:17px\">Toimintaani ohjaa avoimuus ja rehellisyys. Tavoitteeni on auttaa asiakasta s\u00e4\u00e4st\u00e4m\u00e4\u00e4n aikaa ja rahaa. Joskus s\u00e4\u00e4styy my\u00f6s hermot ja hiirik\u00e4si j\u00e4nnetuppitulehdukselta.<\/p>\n<\/div>\n<\/div>\n<\/div><\/div>\n<\/div><\/div>\n\n\n\n<div class=\"wp-block-cover alignfull is-light\" style=\"min-height:633px;aspect-ratio:unset;\"><span aria-hidden=\"true\" class=\"wp-block-cover__background has-nv-site-bg-background-color has-background-dim-100 has-background-dim\"><\/span><div class=\"wp-block-cover__inner-container is-layout-flow wp-block-cover-is-layout-flow\">\n<div class=\"wp-block-group\"><div class=\"wp-block-group__inner-container is-layout-flow wp-block-group-is-layout-flow\">\n<h2 class=\"wp-block-heading has-neve-text-color-color has-text-color\">Ratkaisuja<\/h2>\n\n\n\n<div class=\"wp-block-columns are-vertically-aligned-center is-layout-flex wp-container-core-columns-is-layout-9d6595d7 wp-block-columns-is-layout-flex\">\n<div class=\"wp-block-column is-vertically-aligned-center is-layout-flow wp-block-column-is-layout-flow\" style=\"flex-basis:50%\">\n<p><strong>Automatisointi projekteja<\/strong><\/p>\n\n\n\n<p>Shopify verkkokaupan tuotetietojen yll\u00e4pito, metatietojen massasy\u00f6tt\u00f6 ja keskitetty hallinta. Tuoteryhm\u00e4t, metakenttien avulla ominaisuudet, k\u00e4ytt\u00f6ohjeet, materiaalit, toimittajaketjut, ikonit, tagit.<\/p>\n\n\n\n<figure class=\"wp-block-image size-large\"><img loading=\"lazy\" decoding=\"async\" width=\"1024\" height=\"602\" src=\"https:\/\/jotconsult.fi\/wp-content\/uploads\/2024\/11\/Collections-1024x602.jpg\" alt=\"\" class=\"wp-image-94\" srcset=\"https:\/\/jotconsult.fi\/wp-content\/uploads\/2024\/11\/Collections-1024x602.jpg 1024w, https:\/\/jotconsult.fi\/wp-content\/uploads\/2024\/11\/Collections-300x176.jpg 300w, https:\/\/jotconsult.fi\/wp-content\/uploads\/2024\/11\/Collections-768x451.jpg 768w, https:\/\/jotconsult.fi\/wp-content\/uploads\/2024\/11\/Collections.jpg 1460w\" sizes=\"auto, (max-width: 1024px) 100vw, 1024px\" \/><\/figure>\n\n\n\n<figure class=\"wp-block-video\"><video height=\"720\" style=\"aspect-ratio: 1280 \/ 720;\" width=\"1280\" controls src=\"https:\/\/jotconsult.fi\/wp-content\/uploads\/2024\/11\/Shopify-tuotetiedot-esitys.mp4\"><\/video><\/figure>\n\n\n\n<p>Teollisuustuotannon ohjaus, raportointi ja laskenta.<\/p>\n\n\n\n<p>Tuotekalkkyyli omakustanteen laskentaan.<\/p>\n\n\n\n<p>Myyntiraportointi, analyysit, kannattavuusseuranta.<\/p>\n\n\n\n<p>EDI sanomien rakentaminen ERPin rajapinnasta, sis\u00e4\u00e4n tulevat ja ulosl\u00e4htev\u00e4t laskut. Laskujen muodostus eri muodoissa, pdf, excel, xml, EDI Invoic.<\/p>\n\n\n\n<p>Konsignaatio varaston hallinta.<\/p>\n\n\n\n<p>Asiakasr\u00e4\u00e4t\u00e4l\u00f6idyt tuotetietorikasteet.<\/p>\n\n\n\n<p>Palkkahallinnan tuntiyhteenveto kirjanpitoon ja ty\u00f6ajanseuraus<\/p>\n\n\n\n<p><a href=\"https:\/\/jotconsult.fi\/?page_id=76\">Lue lis\u00e4\u00e4 ratkaisuista<\/a><\/p>\n<\/div>\n<\/div>\n<\/div><\/div>\n<\/div><\/div>\n\n\n\n<p class=\"has-text-align-center has-large-font-size\"><\/p>\n\n\n\n<div class=\"wp-block-cover alignfull is-light\" style=\"min-height:50px;aspect-ratio:unset;\"><span aria-hidden=\"true\" class=\"wp-block-cover__background has-nv-light-bg-background-color has-background-dim-100 has-background-dim\"><\/span><div class=\"wp-block-cover__inner-container is-layout-flow wp-block-cover-is-layout-flow\">\n<p class=\"has-text-align-center has-large-font-size\"><\/p>\n<\/div><\/div>\n\n\n\n<div class=\"wp-block-cover alignfull is-light\" style=\"min-height:200px;aspect-ratio:unset;\"><span aria-hidden=\"true\" class=\"wp-block-cover__background has-nv-dark-bg-background-color has-background-dim-100 has-background-dim\"><\/span><div class=\"wp-block-cover__inner-container is-layout-flow wp-block-cover-is-layout-flow\">\n<h2 class=\"wp-block-heading has-text-align-center has-nv-text-dark-bg-color has-text-color\">K\u00e4ytet\u00e4\u00e4n hetki yhdess\u00e4 tunnistamaan arkesi data haasteet ja automatisoidaan niit\u00e4 tarpeesi mukaan.<\/h2>\n<\/div><\/div>\n\n\n<div class=\"wp-block-image is-resized icon-style is-style-rounded\">\n<figure class=\"aligncenter\"><img decoding=\"async\" src=\"https:\/\/jotconsult.fi\/wp-content\/themes\/neve\/assets\/img\/starter-content\/icon-06.svg\" alt=\"\"\/><\/figure>\n<\/div>\n\n\n<h3 class=\"wp-block-heading has-text-align-center has-neve-text-color-color has-text-color\">Email<\/h3>\n\n\n\n<p class=\"has-text-align-center has-neve-text-color-color has-text-color\" style=\"font-size:15px\">jani@jotconsult.fi<\/p>\n\n\n\n<p>Jot Consult Oy<\/p>\n\n\n\n<p>Y- 3490774-3<\/p>\n","protected":false},"excerpt":{"rendered":"<p>Kiinte\u00e4 hintaiset projektit M\u00e4\u00e4ritell\u00e4\u00e4n yhdess\u00e4 tarpeet ja mit\u00e4 ty\u00f6kaluja niihin on j\u00e4rkev\u00e4\u00e4 ottaa k\u00e4ytt\u00f6\u00f6n. Yksi hinta, 100% takuulla. Tehd\u00e4\u00e4n mit\u00e4 sovitaan Olen ostanut ICT palveluita 20 vuotta ja tied\u00e4n kuinka t\u00e4rke\u00e4\u00e4 on saada sit\u00e4 mist\u00e4 sovittu. Nopea k\u00e4ytt\u00f6\u00f6notto Ty\u00f6kaluja on paljon valmiina, ja niiden r\u00e4\u00e4t\u00e4l\u00f6inti on nopeaa. Et maksa olemassa olevan uudelleen kehitt\u00e4misest\u00e4. Email jani@jotconsult.fi&hellip;&nbsp;<a href=\"https:\/\/jotconsult.fi\/\" class=\"\" rel=\"bookmark\">Lue lis\u00e4\u00e4 &raquo;<span class=\"screen-reader-text\">JOT Consult Oy<\/span><\/a><\/p>\n","protected":false},"author":1,"featured_media":0,"parent":0,"menu_order":0,"comment_status":"closed","ping_status":"closed","template":"","meta":{"neve_meta_sidebar":"","neve_meta_container":"","neve_meta_enable_content_width":"on","neve_meta_content_width":100,"neve_meta_title_alignment":"","neve_meta_author_avatar":"","neve_post_elements_order":"","neve_meta_disable_header":"","neve_meta_disable_footer":"","neve_meta_disable_title":"on","footnotes":""},"class_list":["post-8","page","type-page","status-publish","hentry"],"yoast_head":"<!-- This site is optimized with the Yoast SEO plugin v22.6 - https:\/\/yoast.com\/wordpress\/plugins\/seo\/ -->\n<title>JOT Consult Oy - JOT Consult Oy<\/title>\n<meta name=\"description\" content=\"K\u00e4ytet\u00e4\u00e4n hetki yhdess\u00e4 tunnistamaan arjen haasteet ja automatisoidaan niit\u00e4 halusi mukaan. Access, Excel, VBA ty\u00f6kalut ovat nopeita ottaa k\u00e4ytt\u00f6\u00f6n\" \/>\n<meta name=\"robots\" content=\"index, follow, max-snippet:-1, max-image-preview:large, max-video-preview:-1\" \/>\n<link rel=\"canonical\" href=\"https:\/\/jotconsult.fi\/\" \/>\n<meta property=\"og:locale\" content=\"fi_FI\" \/>\n<meta property=\"og:type\" content=\"article\" \/>\n<meta property=\"og:title\" content=\"JOT Consult Oy - JOT Consult Oy\" \/>\n<meta property=\"og:description\" content=\"K\u00e4ytet\u00e4\u00e4n hetki yhdess\u00e4 tunnistamaan arjen haasteet ja automatisoidaan niit\u00e4 halusi mukaan. Access, Excel, VBA ty\u00f6kalut ovat nopeita ottaa k\u00e4ytt\u00f6\u00f6n\" \/>\n<meta property=\"og:url\" content=\"https:\/\/jotconsult.fi\/\" \/>\n<meta property=\"og:site_name\" content=\"JOT Consult Oy\" \/>\n<meta property=\"article:modified_time\" content=\"2025-01-19T15:56:16+00:00\" \/>\n<meta property=\"og:image\" content=\"https:\/\/jotconsult.fi\/wp-content\/uploads\/2024\/05\/matrix-screen.jpg\" \/>\n<meta name=\"twitter:card\" content=\"summary_large_image\" \/>\n<meta name=\"twitter:label1\" content=\"Arvioitu lukuaika\" \/>\n\t<meta name=\"twitter:data1\" content=\"4 minuuttia\" \/>\n<script type=\"application\/ld+json\" class=\"yoast-schema-graph\">{\"@context\":\"https:\/\/schema.org\",\"@graph\":[{\"@type\":\"WebPage\",\"@id\":\"https:\/\/jotconsult.fi\/\",\"url\":\"https:\/\/jotconsult.fi\/\",\"name\":\"JOT Consult Oy - JOT Consult Oy\",\"isPartOf\":{\"@id\":\"https:\/\/jotconsult.fi\/#website\"},\"primaryImageOfPage\":{\"@id\":\"https:\/\/jotconsult.fi\/#primaryimage\"},\"image\":{\"@id\":\"https:\/\/jotconsult.fi\/#primaryimage\"},\"thumbnailUrl\":\"https:\/\/jotconsult.fi\/wp-content\/uploads\/2024\/05\/matrix-screen.jpg\",\"datePublished\":\"2024-05-01T19:18:11+00:00\",\"dateModified\":\"2025-01-19T15:56:16+00:00\",\"description\":\"K\u00e4ytet\u00e4\u00e4n hetki yhdess\u00e4 tunnistamaan arjen haasteet ja automatisoidaan niit\u00e4 halusi mukaan. Access, Excel, VBA ty\u00f6kalut ovat nopeita ottaa k\u00e4ytt\u00f6\u00f6n\",\"breadcrumb\":{\"@id\":\"https:\/\/jotconsult.fi\/#breadcrumb\"},\"inLanguage\":\"fi\",\"potentialAction\":[{\"@type\":\"ReadAction\",\"target\":[\"https:\/\/jotconsult.fi\/\"]}]},{\"@type\":\"ImageObject\",\"inLanguage\":\"fi\",\"@id\":\"https:\/\/jotconsult.fi\/#primaryimage\",\"url\":\"https:\/\/jotconsult.fi\/wp-content\/uploads\/2024\/05\/matrix-screen.jpg\",\"contentUrl\":\"https:\/\/jotconsult.fi\/wp-content\/uploads\/2024\/05\/matrix-screen.jpg\",\"width\":1920,\"height\":1080},{\"@type\":\"BreadcrumbList\",\"@id\":\"https:\/\/jotconsult.fi\/#breadcrumb\",\"itemListElement\":[{\"@type\":\"ListItem\",\"position\":1,\"name\":\"Etusivu\",\"item\":\"https:\/\/jotconsult.fi\/\"},{\"@type\":\"ListItem\",\"position\":2,\"name\":\"JOT Consult Oy\"}]},{\"@type\":\"WebSite\",\"@id\":\"https:\/\/jotconsult.fi\/#website\",\"url\":\"https:\/\/jotconsult.fi\/\",\"name\":\"JOT Consulting\",\"description\":\"Arjen ty\u00f6kaluja tietohallintaan\",\"publisher\":{\"@id\":\"https:\/\/jotconsult.fi\/#organization\"},\"potentialAction\":[{\"@type\":\"SearchAction\",\"target\":{\"@type\":\"EntryPoint\",\"urlTemplate\":\"https:\/\/jotconsult.fi\/?s={search_term_string}\"},\"query-input\":\"required name=search_term_string\"}],\"inLanguage\":\"fi\"},{\"@type\":\"Organization\",\"@id\":\"https:\/\/jotconsult.fi\/#organization\",\"name\":\"JOT Consulting\",\"url\":\"https:\/\/jotconsult.fi\/\",\"logo\":{\"@type\":\"ImageObject\",\"inLanguage\":\"fi\",\"@id\":\"https:\/\/jotconsult.fi\/#\/schema\/logo\/image\/\",\"url\":\"\",\"contentUrl\":\"\",\"caption\":\"JOT Consulting\"},\"image\":{\"@id\":\"https:\/\/jotconsult.fi\/#\/schema\/logo\/image\/\"}}]}<\/script>\n<!-- \/ Yoast SEO plugin. -->","yoast_head_json":{"title":"JOT Consult Oy - JOT Consult Oy","description":"K\u00e4ytet\u00e4\u00e4n hetki yhdess\u00e4 tunnistamaan arjen haasteet ja automatisoidaan niit\u00e4 halusi mukaan. Access, Excel, VBA ty\u00f6kalut ovat nopeita ottaa k\u00e4ytt\u00f6\u00f6n","robots":{"index":"index","follow":"follow","max-snippet":"max-snippet:-1","max-image-preview":"max-image-preview:large","max-video-preview":"max-video-preview:-1"},"canonical":"https:\/\/jotconsult.fi\/","og_locale":"fi_FI","og_type":"article","og_title":"JOT Consult Oy - JOT Consult Oy","og_description":"K\u00e4ytet\u00e4\u00e4n hetki yhdess\u00e4 tunnistamaan arjen haasteet ja automatisoidaan niit\u00e4 halusi mukaan. Access, Excel, VBA ty\u00f6kalut ovat nopeita ottaa k\u00e4ytt\u00f6\u00f6n","og_url":"https:\/\/jotconsult.fi\/","og_site_name":"JOT Consult Oy","article_modified_time":"2025-01-19T15:56:16+00:00","og_image":[{"url":"https:\/\/jotconsult.fi\/wp-content\/uploads\/2024\/05\/matrix-screen.jpg"}],"twitter_card":"summary_large_image","twitter_misc":{"Arvioitu lukuaika":"4 minuuttia"},"schema":{"@context":"https:\/\/schema.org","@graph":[{"@type":"WebPage","@id":"https:\/\/jotconsult.fi\/","url":"https:\/\/jotconsult.fi\/","name":"JOT Consult Oy - JOT Consult Oy","isPartOf":{"@id":"https:\/\/jotconsult.fi\/#website"},"primaryImageOfPage":{"@id":"https:\/\/jotconsult.fi\/#primaryimage"},"image":{"@id":"https:\/\/jotconsult.fi\/#primaryimage"},"thumbnailUrl":"https:\/\/jotconsult.fi\/wp-content\/uploads\/2024\/05\/matrix-screen.jpg","datePublished":"2024-05-01T19:18:11+00:00","dateModified":"2025-01-19T15:56:16+00:00","description":"K\u00e4ytet\u00e4\u00e4n hetki yhdess\u00e4 tunnistamaan arjen haasteet ja automatisoidaan niit\u00e4 halusi mukaan. Access, Excel, VBA ty\u00f6kalut ovat nopeita ottaa k\u00e4ytt\u00f6\u00f6n","breadcrumb":{"@id":"https:\/\/jotconsult.fi\/#breadcrumb"},"inLanguage":"fi","potentialAction":[{"@type":"ReadAction","target":["https:\/\/jotconsult.fi\/"]}]},{"@type":"ImageObject","inLanguage":"fi","@id":"https:\/\/jotconsult.fi\/#primaryimage","url":"https:\/\/jotconsult.fi\/wp-content\/uploads\/2024\/05\/matrix-screen.jpg","contentUrl":"https:\/\/jotconsult.fi\/wp-content\/uploads\/2024\/05\/matrix-screen.jpg","width":1920,"height":1080},{"@type":"BreadcrumbList","@id":"https:\/\/jotconsult.fi\/#breadcrumb","itemListElement":[{"@type":"ListItem","position":1,"name":"Etusivu","item":"https:\/\/jotconsult.fi\/"},{"@type":"ListItem","position":2,"name":"JOT Consult Oy"}]},{"@type":"WebSite","@id":"https:\/\/jotconsult.fi\/#website","url":"https:\/\/jotconsult.fi\/","name":"JOT Consulting","description":"Arjen ty\u00f6kaluja tietohallintaan","publisher":{"@id":"https:\/\/jotconsult.fi\/#organization"},"potentialAction":[{"@type":"SearchAction","target":{"@type":"EntryPoint","urlTemplate":"https:\/\/jotconsult.fi\/?s={search_term_string}"},"query-input":"required name=search_term_string"}],"inLanguage":"fi"},{"@type":"Organization","@id":"https:\/\/jotconsult.fi\/#organization","name":"JOT Consulting","url":"https:\/\/jotconsult.fi\/","logo":{"@type":"ImageObject","inLanguage":"fi","@id":"https:\/\/jotconsult.fi\/#\/schema\/logo\/image\/","url":"","contentUrl":"","caption":"JOT Consulting"},"image":{"@id":"https:\/\/jotconsult.fi\/#\/schema\/logo\/image\/"}}]}},"_links":{"self":[{"href":"https:\/\/jotconsult.fi\/index.php?rest_route=\/wp\/v2\/pages\/8","targetHints":{"allow":["GET"]}}],"collection":[{"href":"https:\/\/jotconsult.fi\/index.php?rest_route=\/wp\/v2\/pages"}],"about":[{"href":"https:\/\/jotconsult.fi\/index.php?rest_route=\/wp\/v2\/types\/page"}],"author":[{"embeddable":true,"href":"https:\/\/jotconsult.fi\/index.php?rest_route=\/wp\/v2\/users\/1"}],"replies":[{"embeddable":true,"href":"https:\/\/jotconsult.fi\/index.php?rest_route=%2Fwp%2Fv2%2Fcomments&post=8"}],"version-history":[{"count":21,"href":"https:\/\/jotconsult.fi\/index.php?rest_route=\/wp\/v2\/pages\/8\/revisions"}],"predecessor-version":[{"id":98,"href":"https:\/\/jotconsult.fi\/index.php?rest_route=\/wp\/v2\/pages\/8\/revisions\/98"}],"wp:attachment":[{"href":"https:\/\/jotconsult.fi\/index.php?rest_route=%2Fwp%2Fv2%2Fmedia&parent=8"}],"curies":[{"name":"wp","href":"https:\/\/api.w.org\/{rel}","templated":true}]}}